 4*p + 1 + 3. Let f be (4/j)/((-2)/28). What are the prime factors of w(f)?
2, 3
Suppose 0 = 3*y - 231 - 369. Suppose 2*w + 2*r + 288 = 0, -r = -6 + 9. Let h = y + w. List the prime factors of h.
59
Let f(s) = 6*s - 4*s - 5*s - 12. Let c be f(-4). Suppose -27 = -x - c*x. What are the prime factors of x?
3
Let l(f) = f**2 + 24*f + 48. Let w be l(-22). What are the prime factors of w/(-8) - (1550/4)/(-5)?
7, 11
Suppose 208117 = 33*u - 890554 - 55009. What are the prime factors of u?
2, 5, 19, 23
Suppose 9002 = 5*d - 10115 - 25278. What are the prime factors of d?
13, 683
Suppose -30*k + 333350 = 29*k. List the prime factors of k.
2, 5, 113
Let w(l) = -27*l**3 - 2*l**2 - 3*l - 2. Let t be w(-4). Suppose -11*q + t = -1022. What are the prime factors of q?
2, 31
Suppose -h + 894*y = 896*y - 47463, -3*y - 15 = 0. What are the prime factors of h?
29, 1637
Let n(r) = -21*r - 2. Let q = -48 - -59. Let b be n(q). Let s = -105 - b. List the prime factors of s.
2
Let c(f) = -f**3 + 9*f**2 + 7*f - 10. Let p be (-1 + -2 + 51/12)*4. What are the prime factors of c(p)?
5
Suppose 2*f - 16*f = 0. Suppose f = 14*w + 595 - 1785. List the prime factors of w.
5, 17
Let k be 70/(-28) - (-2)/4. Let v be 16 + (1 - (-8)/k). Suppose -2*i = v*i - 990. List the prime factors of i.
2, 3, 11
Let a = 13193 - -2953. What are the prime factors of a?
2, 3, 13, 23
Suppose 6*n - 2*n - 28 = 0. Let l(o) = -2*o**2 + 25*o + 10*o**2 - n*o**2 - 2*o**2 + 34. What are the prime factors of l(18)?
2, 5
Suppose -3*o - 2*r - 10 + 20 = 0, 4*o + r = 10. Suppose -4*w - 2*c = -628, o*w + 6*c - 2*c = 320. What are the prime factors of w?
2, 3, 13
Let v(r) = -r**3 - 14*r**2 - 16*r + 16. Suppose -2*i - 98 = 110. Let z = -118 - i. List the prime factors of v(z).
2, 3, 5
Let i be -139*5 - 0/(-8). Let k be 2/8 + i/(-20). What are the prime factors of ((-7)/(k/(-142)))/(2/5)?
71
Let c(n) = 11*n**2 + 148*n - 81*n + 20 - 2 - 94*n. List the prime factors of c(-7).
2, 373
Let g(t) = t**2 + 23*t + 373. Let z be g(-22). Let w = -8 + 11. Suppose 6*u = -w*u + z. List the prime factors of u.
3, 13
Suppose 0 = -5*x + 5*k + 265, -x + 41 = -2*k - 12. Let w = -51 + x. Suppose -3*u + 4*n = -5*u + 44, w*u - 89 = 5*n. What are the prime factors of u?
2
Let f(j) = -j - 8. Let w be f(-13). Suppose 5*z - 4*v = 20 + 25, v = -w. List the prime factors of z/15 + 107/3.
2, 3
Let u(l) = -l**3 + 22*l**2 - 20*l + 105. Let g be u(21). Let r = -38 + g. What are the prime factors of r?
2, 11
Let a(z) = 5*z**2 - 2*z. Let i be a(-10). Let c(u) = -2*u + 13. Let t be c(4). Suppose -t*q = -i - 435. What are the prime factors of q?
191
Suppose -116*u = -a - 115*u + 20044, 2*a = 4*u + 40090. What are the prime factors of a?
3, 17, 131
Let a be -6 - -4 - 2450 - 6. Let f = -1315 - a. List the prime factors of f.
3, 127
Let s = 870 - -10403. List the prime factors of s.
11273
Suppose 24*d = -17*d + 28*d + 731497. What are the prime factors of d?
56269
Let j(g) be the second derivative of 20*g + 0 + 1/12*g**4 + 3/2*g**3 + 25/2*g**2. What are the prime factors of j(-7)?
11
Let f(v) = 6*v**2 + 15*v - 28. Let c be f(2). List the prime factors of c/((5 - (-426)/(-144)) + -2).
2, 3, 13
Let o = -260 - -259. What are the prime factors of 102305/175 + ((-6)/10 - o)?
3, 5, 13
Let b = 72 - 49. Let c = 58 + b. Let q = 91 + c. List the prime factors of q.
2, 43
Let j(d) = 208*d**2 + d + 26. What are the prime factors of j(6)?
2, 5, 47
Let t(v) = 6*v + 188. Let a be t(-31). Suppose -674 = -a*k - b, -61 = 2*k + 5*b - 751. What are the prime factors of k?
5, 67
Let g = 219 + -309. List the prime factors of 15075/g*(-28)/5.
2, 7, 67
Suppose -61*u - 33*u = 605903 - 2928267. What are the prime factors of u?
2, 11, 1123
List the prime factors of 24/(-66) + 306388/44.
3, 11, 211
Let k(n) = -2*n**2 - 11*n. Let g be k(5). Let p = 225 + g. What are the prime factors of p?
2, 3, 5
Let q be (-78928)/(-52) - (-14)/91. Suppose 18*c = 15*c + q. What are the prime factors of c?
2, 11, 23
Let k(l) = -l**3 + 24*l**2 - 9*l + 25. Let w be (10 - 7)/(9/69). What are the prime factors of k(w)?
347
Suppose -2*w = -30 + 20. Suppose 0 = 5*p + 10, w*x + 2*p - 496 = -0*x. Let l = x - -72. What are the prime factors of l?
2, 43
Let v be (1 - -1) + 2*(-1)/(-2). Suppose v*s - 463 = 5*w, s - 57 - 101 = -2*w. List the prime factors of s.
2, 3, 13
Let y = -5 + -6. Let h be y/22*(1 - -1). List the prime factors of h/(-3)*-2 - (-508)/6.
2, 3, 7
Let o be (-2)/(-12) - 190/(-12). Suppose 0 = o*j - 20*j + 88. Suppose -r + j = -28. List the prime factors of r.
2, 5
Suppose -2*h = 4*x - 11 - 7, 0 = 3*h - 9. Let g be ((-24)/(-16))/(x/10). Suppose 0*a + a = -g*i + 1002, 0 = -2*i + a + 398. What are the prime factors of i?
2, 5
Suppose -29*f + 479540 = -479675 + 204026. List the prime factors of f.
26041
Let l = -62 + 67. Suppose l*f = 5, -4*q - 6*f + 5*f = -197. List the prime factors of (2 + 21/(-7))*(0 - q).
7
Let v(u) be the third derivative of 13*u**5/20 + u**4/24 + u**3/2 + 53*u**2. What are the prime factors of v(2)?
7, 23
Let h be -1*(-6)/(-10) + (-154)/10. Let j = -12 - h. Suppose -2*l + 316 = j*f, -l + 311 = l - f. What are the prime factors of l?
2, 3, 13
Let f be 1*4 + 19734/(-13). What are the prime factors of f/(-6) + ((-40)/15)/(-4)?
11, 23
Let h(i) = 6*i**2 + 213*i + 259. List the prime factors of h(-78).
20149
Let t(k) = -34*k + 33. Let a(h) = -34*h + 33. Let f(b) = 3*a(b) - 4*t(b). What are the prime factors of f(16)?
7, 73
Suppose -155*d + 555 = -160*d. Let u(z) = 30*z - 5. Let c be u(7). Let f = c + d. What are the prime factors of f?
2, 47
Let w(q) = 14*q**2 - 291*q + 95. List the prime factors of w(43).
2, 7, 13, 37
Suppose 1094284 + 677420 = 7*m + 81*m. What are the prime factors of m?
3, 2237
Let b be (-2)/6*(3 - -6). Let c be (-40)/(-15) - (-2)/b. Suppose -3*o - c*u + 3*u = -148, 3*o = -u + 140. What are the prime factors of o?
2, 3
Suppose -2*r - c = -553, r + 0*c + 3*c = 289. Let k = 352 + r. What are the prime factors of k?
2, 313
List the prime factors of (-2*2/(-16))/1 - 427671/(-36).
2, 3, 5, 11
Let r = -2559 - -2673. Suppose -4*g + 3 = 15, 0 = -5*k + 4*g + 12. Suppose k = -4*t, -2*t + 2 - r = -x. What are the prime factors of x?
2, 7
What are the prime factors of 1645/235 - -1494*4?
31, 193
Suppose -b - 152*m = -144*m - 14208, 5*b = 4*m + 71304. What are the prime factors of b?
2, 3, 11
Let a be ((54/8)/9)/(1/(-4816)). Let l = -2506 - a. Suppose 4*q - 5*j = l, -5*q + 17*j - 20*j = -1364. What are the prime factors of q?
2, 137
Suppose 2*q - 24004 = -2*m - 2*m, 0 = -5*q - 5*m + 60040. What are the prime factors of q?
2, 6007
Let l(j) = j**3 + 22*j**2 + 15*j - 2. Let q(f) = -f**2 - f + 1. Let h(p) = l(p) + 2*q(p). Let d be 13/13*((63/3)/(-1) + 2). What are the prime factors of h(d)?
2, 3, 19
Suppose -4938319 = -45*w - 335*w + 20348021. What are the prime factors of w?
3, 41, 541
Suppose 16 + 23 = 13*z. Suppose 5*v - 558 = 3*f, z*v + 2*f - 5*f = 336. Suppose 0 = -u + 4*d + v, 2*u - 4*d - 235 = -1. List the prime factors of u.
3, 41
Let d(n) = -16*n**3 - 15*n**2 + 17*n. Let k be d(-9). Suppose -5*z + 18*z - k = 0. What are the prime factors of z?
2, 3, 11
What are the prime factors of ((-240)/3)/(-10)*788/4?
2, 197
Let u be (28/(-6))/(12/(-1188)). What are the prime factors of -1*(5 + -1 - u)?
2, 229
Suppose 0*p - 398 = 2*p. Let y = p + 643. List the prime factors of (-4)/6*y/(-8).
37
Let p(s) = -8*s + 66. Let u be p(8). Suppose 3*y - 5*o = 649, -4*o = -u*y + 114 + 316. What are the prime factors of y?
223
Let y be 7/((-49)/(-184)) - (-2)/(-7). Let f = 5 - y. Let u(m) = m**2 + 17*m - 41. List the prime factors of u(f).
43
List the prime factors of 10*(-4246)/(-4) + (51 - 51).
5, 11, 193
Let q(t) = -28*t**2 + t. Let z = -33 + 34. Let m be q(z). List the prime factors of (-3546)/m + 1/(-3).
131
Suppose 0 = -3*m + y + 16835, -3*m + 2*y - 2003 = -18840. List the prime factors of m.
31, 181
Let v = -3062 + 3415. What are the prime factors of v?
353
Let i be -3 - 168/(-54) - 850/(-45). Let w(x) = 4*x**2 - 30*x + 335. List the prime factors of w(i).
3, 13, 31
Suppose 2*n - 558 = u - 2754, 0 = 4*n. List the prime factors of u.
2, 3, 61
Suppose -175 = -1368*r + 1333*r. Let o be (271 - 0) + (-3)/3. Suppose -r*g + 2*p - 43 + o = 0, 2*g + 4*p - 86 = 0. List the prime factors of